h(y) = -3*y**3 + 4*y**2 - 2*y + 3. Let u(t) = 13*t**3 - 16*t**2 + 7*t - 13. Let b(q) = -9*h(q) - 2*u(q). What is b(3)?
2
Let x = 41 + -40. Let h(c) = 5*c. What is h(x)?
5
Let o(i) = i**2 - 2*i + 1. Suppose 0 = 4*f + 1 - 17. Let p be (f/(-5))/(10/(-25)). Calculate o(p).
1
Let o = -31 + 32. Let u(v) = 11*v + 1. Determine u(o).
12
Let j(d) = -d - 1. Let z(k) = k + 6*k + k + 8 - 2*k. Let b(p) = -5*j(p) - z(p). Let r(w) = w**2 - 8*w + 6. Let t be r(6). Determine b(t).
3
Let s(l) = 75*l**3 - 3 - 3*l**2 + 71*l**3 - 147*l**3 + 2*l. Give s(-4).
5
Let l be ((-4)/5)/(4/(-20)). Suppose -l*g = g + 30. Let w(r) = r - 6. Calculate w(g).
-12
Let i(l) be the second derivative of -l**5/20 - l**4/12 + l**3/2 + l**2 + 18*l. Give i(-3).
11
Let p(z) be the first derivative of -7*z**2/2 + 12. What is p(1)?
-7
Suppose -3*i - 5*c = 29, 0*i - 2*i - 5*c - 26 = 0. Let r(o) = o**3 + 2*o**2 - 3. Determine r(i).
-12
Let p(w) be the first derivative of -3*w**4/2 - w**3/3 + w + 1. Give p(-1).
6
Let p(h) = h + 2. Let z(y) = y + 1. Let j(s) = -2*p(s) + 5*z(s). Suppose 14*u - 18*u + 12 = 0. What is j(u)?
10
Let r(o) = -7*o**3 - o**2 + o + 1. Let z(t) = 2*t + 1. Let b be z(-1). Calculate r(b).
6
Suppose 3*f + 18 = -9. Let u = f + 14. Let o(x) = -x**2 + x + 3 + u*x - 4*x. Calculate o(3).
0
Let c(v) = 4*v - 2 + 0 - v - v. Suppose 0 = 2*u + 3 - 1. Let y(d) = 4*d**2 - d. Let h be y(u). Calculate c(h).
8
Let j(k) = -k**2 - 3*k + 1. Let q be j(-4). Let b = 1 + q. Let h(x) be the third derivative of x**5/60 + x**4/8 - x**3/6 - x**2. Determine h(b).
-3
Let d(k) be the third derivative of -k**5/60 + k**4/24 - 5*k**3/6 + k**2. Let f = 62 + -62. Calculate d(f).
-5
Suppose l = 3*l - 6. Let t(p) = l*p**2 + 2 - p + p - p - 2*p. What is t(2)?
8
Let b = -42 + 49. Let c(k) = -3*k - 4. Give c(b).
-25
Suppose -n + 3*n = 0. Let s(m) = 2*m + m - m + n*m. Determine s(4).
8
Let t(m) = 7*m**3 - 4*m**2 - 2*m + 5. Let o(k) = 6*k**3 - 3*k**2 - k + 4. Let n(s) = -4*o(s) + 3*t(s). Give n(-1).
4
Let a be 8/(-3) - (-6)/2. Let y(z) be the first derivative of -5*z - 2 - a*z**3 + 7/2*z**2. Determine y(4).
7
Let g be ((-3)/9)/((-1)/15). Let u(h) = 2*h**3 - 8*h**2 - 7*h - 6. Let y(n) = n**3 - 4*n**2 - 3*n - 3. Let d(v) = -3*u(v) + 5*y(v). Give d(g).
8
Suppose t + 80 = -3*t. Let u = 14 + t. Let q(s) = s**3 + 5*s**2 - 6*s + 4. Determine q(u).
4
Let p(x) = -7*x**3 - 2*x + 2. Let i(v) = 1 - v + 2*v**3 - 6*v**3 + 0*v. Let f be ((-2)/2)/((-2)/(-10)). Let y(r) = f*i(r) + 2*p(r). Determine y(1).
6
Let z(b) = -b - 6. Let o = -21 + 8. Let i be 10/8*(o - -9). What is z(i)?
-1
Suppose -3*s + 6 = -0*s. Let d(w) be the third derivative of -w**6/180 + w**5/60 + w**3/3 + 2*w**2. Let p(m) be the first derivative of d(m). Give p(s).
-4
Let d(x) = -x**2 - 6*x - 12. Let z(l) = -1. Let o(q) = -d(q) + 6*z(q). Determine o(-6).
6
Let y(d) = -9*d + 2. Suppose -2*p + 23*m = 20*m + 3, -4*p + 4*m = 0. Determine y(p).
-25
Let b be 24/13 - (-24)/156. Suppose -7 = -5*v - b. Let l(y) = -5*y**3 - y. What is l(v)?
-6
Let b(f) = -f + 8. Suppose w = -0*x - 2*x - 1, 0 = x - 3*w + 11. Let q = 4 - x. What is b(q)?
2
Let k = 128 + -121. Let a(m) = -m + 8. Determine a(k).
1
Let o(i) = -5*i - 3*i + 9*i - i**2. Let j be 2*2*-1 - -2. Let c = j + 0. Give o(c).
-6
Let n(v) = -v**2 - v**2 - v - 9 + 3*v**2. Let t be n(4). Let l(p) = -p**3 + 5*p**2 - 5*p + 3. Calculate l(t).
6
Let c(m) be the first derivative of 3*m**2/2 + 5*m - 4. Calculate c(-5).
-10
Let h(t) = -t**2 + 7*t - 9. Let u be (4/10)/(6/30). Suppose -4*y + y = q - 15, 4*y = u*q. Calculate h(q).
-3
Let d(t) = 2*t**3 - 2*t**2 - t - 2. Let f be (0 - -1) + 0 + 5. Suppose -3*c + 3*u - f = -18, -c + 5*u = -12. Determine d(c).
4
Let c(y) be the first derivative of y**5/60 + 5*y**4/24 - y**3 - y**2/2 + 4. Let v(q) be the second derivative of c(q). Calculate v(-5).
-6
Let a = 2 + -2. Let m(j) = 0 - 1 - j - 2*j + a*j. What is m(1)?
-4
Let u(y) = -y**3 + 4*y**2 + 5*y. Let z be (-3 + 17)*(-1)/2. Let f be (-6)/(-21) - 33/z. Determine u(f).
0
Let q be (0/(19 - 11))/(2/(-2)). Let j(u) = -10*u + 12. Let m(i) = 3*i - 4. Let a(k) = -2*j(k) - 7*m(k). Give a(q).
4
Let g = -8 + 11. Let d(r) = -7 + 17*r - g - 18*r + 1. Give d(0).
-9
Let q(t) = -t**3 + 7*t**2 - 6*t + 8. Let p be q(6). Let l = p - 9. Let g(z) = -5*z - 5. Let c(b) = b + 1. Let a(i) = l*g(i) - 4*c(i). What is a(4)?
5
Suppose 0 = 4*x - 5*l - 16, 0 = 4*x + 5*l - 4*l - 16. Let c(o) = o**3 - 4*o**2 + o - 3. What is c(x)?
1
Let u(n) be the third derivative of n**4/24 + 4*n**3/3 + 8*n**2. Let d be 38/(-6) + (-2)/(-6). What is u(d)?
2
Let q(h) = 4 + 57*h - 56*h - 4. Determine q(-1).
-1
Suppose 0 = g - 1 - 2. Suppose 0 = m + g*m. Let k(v) = -v**2. What is k(m)?
0
Let o(k) = -k**2 + 2*k + 7. Let y be o(4). Let l(z) = -10*z + 1. Determine l(y).
11
Let l(o) = 14*o**2 - o. Suppose 0 = 5*w + w - 6. What is l(w)?
13
Let l(h) = -h**3 + 7*h**2 - 7*h + 2. Let g = 16 + -10. Give l(g).
-4
Suppose 5*t + 0*t = 0. Suppose -u + 1 + t = 0. Let k(v) = -2 - 8*v + 3 + u - v**2 + 2*v. Calculate k(-5).
7
Let x(g) be the second derivative of g**3/3 + 3*g**2/2 - 4*g. Calculate x(-3).
-3
Let u(g) be the third derivative of -g**6/720 + g**5/20 - g**4/12 - 4*g**2. Let f(z) be the second derivative of u(z). Determine f(5).
1
Let n(j) = 0*j + j - 3 + j**2 - 4*j. Let g be (-492)/(-20) - (-6)/15. Suppose 10*b - 5*b = g. What is n(b)?
7
Let g(x) = x + 3. Let a(c) = -2*c - 6. Let o(q) = 6*a(q) + 10*g(q). Let f(s) = -3*s - 4. Let z be f(0). What is o(z)?
2
Suppose -4*v = 2*w - 7 - 13, -4*w + 13 = -v. Suppose -2*j = w*g - 10, -2*g + 7 = 3*j - 0. Let k(p) = 9*p**3 - p**2 - 2 + j + 0*p**2 + p. Calculate k(1).
8
Let p(z) be the first derivative of -z**3 - 2 + z + 5/2*z**2 - 1/4*z**4. Calculate p(-4).
-3
Let c be (-2)/6 - 5/3. Let k be 9*(c/3)/(-2). Let n = k - 4. Let t(x) = -6*x**2 - x. Determine t(n).
-5
Let d(g) be the third derivative of g**7/840 - g**6/360 - g**4/2 - 3*g**3/2 + 9*g**2. Let o(s) be the first derivative of d(s). Give o(0).
-12
Let o(q) = -q**3 - 4*q**2 - 7*q. Let f be o(-2). Let z(u) = -u**3 + 6*u**2 + 1. Give z(f).
1
Suppose 3 = 3*d - 6. Let m(a) = -a + 4*a + 1 - d - 2*a. Let r(g) = 7*g**3 - g**2. Let x be r(1). What is m(x)?
4
Let r(c) be the first derivative of -c**4/4 + c**3 - 2*c + 10. Determine r(3).
-2
Let z(c) = -c**3 + 8*c + 3. Let f be z(-3). Let a(w) = w**3 - 6*w**2 + w - 6. Give a(f).
0
Let q(x) = 2*x**2 - 4*x**2 + 2*x + x**3 + 0*x**2 - 1. Let l be ((-8)/(-10))/(16/40). Determine q(l).
3
Let v(a) = -2*a**2 - 5*a - 4. Suppose -6*k + 2*k - 12 = 0. Give v(k).
-7
Let o(d) be the third derivative of 2/3*d**3 + 0 + 4*d**2 + 1/60*d**5 - 1/360*d**6 + 0*d - 1/8*d**4. Let v(s) be the first derivative of o(s). What is v(2)?
-3
Let t(r) = 14*r**2 - 4*r - 26. Let s(h) = -5*h**2 + h + 9. Let f(a) = -11*s(a) - 4*t(a). What is f(4)?
9
Let g(l) = -l + 9 - 3*l - 8 - l. Let x(c) = c - 1. Let b be x(3). Suppose 0 = b*h + 2*h + 4. Give g(h).
6
Let y(f) = 3*f**2. Suppose 3 = j + 4. Determine y(j).
3
Let f(v) = -2*v - 7. Let m = -1 + 6. Suppose c + n - 1 = 0, 4*c - 4 = -3*n + 1. Suppose 5*s - 2*u = -u - 25, 0 = m*s + c*u + 25. Determine f(s).
3
Let l(p) = -1. Let a(c) = -2*c + 1. Let u(n) = a(n) - 3*l(n). Give u(6).
-8
Let i(t) = t**3 - 6*t**2 - t + 2. Let w(k) = k**3 - 8*k**2 + 7*k - 5. Let s be w(7). Let q be (-3)/(-1) - (s - -2). Calculate i(q).
-4
Let y(v) be the third derivative of -2*v**2 + 1/60*v**5 + 0 - 1/3*v**3 + 0*v + 0*v**4. Suppose -4*i + m = -m + 8, i = -2*m - 2. Determine y(i).
2
Let w be -2*1 + 5 + 2. Let y(h) be the third derivative of h**5/60 - h**4/4 + 5*h**3/6 - 2*h**2. Calculate y(w).
0
Let n = 2 + 2. Let d(u) = u**2 - u + 4*u**3 - 3*u**3 + 4*u - n*u**2. What is d(2)?
2
Let k(y) = 2*y**2 - 2*y + 1. Let d(n) = n + 10. Let j be d(15). Let o = -23 + j. Give k(o).
5
Suppose -5*d = 2*i - 13, 5*d + 0 = 2*i + 17. Let y(h) = -h**3 + 5*h**2 - 4*h + 1. Determine y(d).
7
Let l(y) = -y**2 - y. Let z(x) = -x**3 + 2*x**2 + 2*x - 1. Let w(p) = -3*l(p) - z(p). Suppose -4*q - q + 4*d = 4, d = q + 1. Calculate w(q).
1
Let u(x) = x**2 + 5*x + 1. Let s(j) = -24*j. Let i be s(-1). Suppose -f + 0 = -i. Let b be 4/(-14) + f/(-14). Calculate u(b).
-5
Let r(i) = -6*i**2 - 2*i + 1. Suppose -y - 4 = -2*m - 0*m, 5*y - 4 = 2*m. Let u = y - 1. Calculate r(u).
-7
Let k(r) = -r**2 - 6*r - 2. Let n be k